s the highest common divisor of 728 and 13?
13
What is the highest common divisor of 260 and 104?
52
Calculate the highest common factor of 119 and 85.
17
What is the highest common divisor of 143 and 352?
11
What is the highest common factor of 68 and 15011?
17
Calculate the greatest common factor of 2440 and 8.
8
Calculate the greatest common factor of 1445 and 30.
5
Calculate the highest common factor of 14 and 7.
7
What is the greatest common divisor of 165 and 33?
33
Calculate the highest common factor of 437 and 114.
19
What is the greatest common factor of 1664 and 3120?
208
Calculate the greatest common divisor of 29 and 928.
29
What is the greatest common divisor of 54 and 81?
27
What is the highest common factor of 90 and 2150?
10
Calculate the greatest common divisor of 9 and 2763.
9
What is the highest common factor of 11904 and 651?
93
Calculate the highest common divisor of 20 and 320.
20
Calculate the greatest common factor of 42 and 399.
21
Calculate the highest common factor of 74 and 1258.
74
Calculate the highest common factor of 880 and 8470.
110
What is the highest common divisor of 3260 and 20?
20
Calculate the highest common divisor of 1352 and 26.
26
What is the highest common divisor of 26 and 6?
2
What is the highest common divisor of 600 and 450?
150
What is the highest common divisor of 1672 and 286?
22
Calculate the highest common factor of 15852 and 12.
12
What is the greatest common divisor of 1164 and 1524?
12
What is the highest common divisor of 190 and 40?
10
What is the highest common divisor of 33 and 858?
33
Calculate the greatest common divisor of 798 and 126.
42
Calculate the highest common divisor of 12 and 1212.
12
What is the greatest common divisor of 240 and 1360?
80
What is the highest common divisor of 21 and 2653?
7
Calculate the highest common divisor of 43 and 86.
43
What is the greatest common divisor of 130 and 1040?
130
What is the highest common divisor of 399 and 84?
21
Calculate the greatest common divisor of 1102 and 58.
58
What is the greatest common factor of 12758 and 4?
2
What is the greatest common divisor of 35 and 21980?
35
Calculate the greatest common factor of 240 and 5.
5
Calculate the greatest common factor of 2380 and 280.
140
Calculate the greatest common factor of 44 and 2794.
22
Calculate the highest common factor of 153 and 136.
17
What is the greatest common divisor of 25 and 1475?
25
What is the highest common divisor of 22 and 33?
11
What is the highest common divisor of 7790 and 152?
38
What is the greatest common factor of 306 and 1938?
102
What is the highest common divisor of 27 and 1?
1
What is the highest common factor of 9 and 81990?
9
What is the highest common divisor of 3388 and 70?
14
Calculate the greatest common factor of 87 and 377.
29
Calculate the highest common divisor of 45 and 117.
9
Calculate the greatest common divisor of 7 and 3.
1
What is the greatest common divisor of 212 and 62116?
212
Calculate the greatest common factor of 181 and 7421.
181
Calculate the greatest common factor of 2475 and 99.
99
Calculate the highest common divisor of 99 and 2133.
9
Calculate the highest common factor of 684 and 84.
12
What is the highest common factor of 459 and 204?
51
Calculate the greatest common divisor of 125 and 24100.
25
What is the highest common divisor of 3240 and 180?
180
Calculate the highest common factor of 13 and 36075.
13
Calculate the greatest common divisor of 32 and 288.
32
Calculate the highest common factor of 16 and 40.
8
What is the highest common divisor of 414 and 36?
18
Calculate the greatest common divisor of 527 and 713.
31
What is the greatest common factor of 17 and 799?
17
What is the greatest common factor of 3 and 213?
3
Calculate the highest common factor of 1548 and 72.
36
What is the greatest common factor of 32 and 2848?
32
Calculate the greatest common factor of 1620 and 80.
20
Calculate the greatest common divisor of 12000 and 200.
200
What is the greatest common divisor of 629 and 136?
17
What is the highest common factor of 38 and 608?
38
What is the highest common divisor of 64 and 248?
8
What is the greatest common factor of 209 and 121?
11
Calculate the greatest common divisor of 440 and 260.
20
What is the highest common factor of 4248 and 12?
12
Calculate the greatest common divisor of 138 and 138.
138
Calculate the highest common factor of 17632 and 29.
29
What is the highest common factor of 15244 and 37?
37
Calculate the highest common divisor of 78 and 351.
39
What is the highest common factor of 117 and 767?
13
Calculate the greatest common divisor of 1 and 446.
1
Calculate the greatest common divisor of 18 and 1413.
9
What is the greatest common divisor of 33 and 5346?
33
What is the greatest common factor of 2616 and 24?
24
Calculate the highest common divisor of 9 and 3771.
9
What is the greatest common divisor of 3355 and 3965?
305
What is the greatest common divisor of 2117 and 87?
29
Calculate the highest common factor of 434 and 186.
62
What is the greatest common factor of 5030 and 120?
10
What is the highest common divisor of 30 and 1110?
30
What is the highest common factor of 1758 and 36?
6
What is the greatest common factor of 12139 and 244?
61
What is the greatest common factor of 564 and 24?
12
Calculate the greatest common factor of 15 and 5580.
15
Calculate the highest common factor of 1700 and 612.
68
Calculate the greatest common factor of 48 and 120.
24
Calculate the highest common divisor of 159 and 530.
53
Calculate the highest common factor of 91 and 21.
7
Calculate the highest common divisor of 298 and 14.
2
Calculate the highest common divisor of 119 and 153.
17
Calculate the greatest common factor of 1508 and 260.
52
What is the greatest common divisor of 664 and 415?
83
What is the highest common factor of 124 and 217?
31
Calculate the greatest common divisor of 294 and 5145.
147
What is the greatest common factor of 132 and 18634?
22
Calculate the highest common divisor of 105 and 1029.
21
What is the highest common divisor of 176 and 32?
16
Calculate the highest common divisor of 21 and 777.
21
What is the greatest common divisor of 608 and 32?
32
What is the greatest common factor of 8601 and 1830?
183
What is the greatest common factor of 30 and 6570?
30
What is the highest common divisor of 35457 and 159?
159
Calculate the greatest common divisor of 147 and 784.
49
Calculate the highest common divisor of 264 and 11528.
88
What is the highest common divisor of 42 and 52458?
42
What is the highest common factor of 38 and 76?
38
Calculate the highest common factor of 412 and 92.
4
Calculate the highest common divisor of 686 and 882.
98
Calculate the greatest common divisor of 18 and 1008.
18
What is the greatest common divisor of 11920 and 80?
80
What is the highest common divisor of 3071 and 83?
83
Calculate the greatest common factor of 9180 and 30.
30
Calculate the greatest common divisor of 702 and 216.
54
What is the highest common divisor of 37400 and 50?
50
What is the greatest common divisor of 840 and 1040?
40
What is the highest common factor of 24576 and 24?
24
Calculate the highest common factor of 476 and 308.
28
Calculate the greatest common factor of 30 and 123.
3
What is the greatest common factor of 10472 and 544?
136
What is the highest common factor of 111 and 37?
37
Calculate the greatest common factor of 28 and 112.
28
What is the highest common factor of 15 and 21?
3
Calculate the greatest common factor of 1424 and 16.
16
What is the greatest common divisor of 460 and 10235?
115
Calculate the greatest common factor of 10 and 1185.
5
What is the highest common divisor of 16 and 400?
16
Calculate the highest common divisor of 27 and 621.
27
What is the greatest common factor of 4 and 196?
4
What is the greatest common factor of 58 and 6931?
29
Calculate the greatest common divisor of 14 and 91.
7
Calculate the greatest common factor of 3 and 2757.
3
Calculate the highest common factor of 2112 and 33.
33
Calculate the highest common divisor of 118 and 14337.
59
What is the highest common factor of 55462 and 22?
22
Calculate the highest common factor of 17208 and 216.
72
What is the greatest common factor of 30 and 230?
10
Calculate the greatest common divi